{"id":1647,"date":"2024-05-17T12:43:36","date_gmt":"2024-05-17T10:43:36","guid":{"rendered":"https:\/\/fundacioenricmiralles.com\/politica-dus-de-cookies\/"},"modified":"2024-05-17T14:34:23","modified_gmt":"2024-05-17T12:34:23","slug":"politica-dus-de-cookies","status":"publish","type":"page","link":"https:\/\/fundacioenricmiralles.com\/ca\/politica-dus-de-cookies\/","title":{"rendered":"POL\u00cdTICA D&#8217;\u00daS DE COOKIES"},"content":{"rendered":"\n<p>Fundaci\u00f3 Enric Miralles (d&#8217;ara endavant la FUNDACI\u00d3) adverteix a l&#8217;usuari que \u201cwwwfundacioenricmiralles.com\u201d (d&#8217;ara endavant la Web) utilitza cookies pr\u00f2pies i de tercers en compliment del que disposa l&#8217;article 22.2 de la Llei 34\/2002, d&#8217;11 de juliol , de Serveis de la Societat de la Informaci\u00f3 i de Comer\u00e7 Electr\u00f2nic (LSSICE). Les cookies s\u00f3n petits fitxers de dades que s&#8217;instal\u00b7len a l&#8217;ordinador de l&#8217;usuari i que permeten que sigui el propi usuari el que emmagatzemi la informaci\u00f3 que genera la seva activitat a la xarxa. Les galetes permeten a una p\u00e0gina web, entre altres coses, emmagatzemar i recuperar informaci\u00f3 sobre els h\u00e0bits de navegaci\u00f3 d&#8217;un usuari o del seu equip i, depenent de la informaci\u00f3 que continguin i de la manera com utilitzi el seu equip, es poden utilitzar per recon\u00e8ixer a l&#8217;usuari.<\/p>\n\n<h2 class=\"wp-block-heading\">Aquest web utilitza les cookies seg\u00fcents:<\/h2>\n\n<h3 class=\"wp-block-heading\">Classificades per la titularitat:<\/h3>\n\n<ul class=\"wp-block-list\">\n<li>Cookies pr\u00f2pies: enviades i gestionades directament per la FUNDACI\u00d3.<\/li>\n\n\n\n<li>Galetes de tercers: enviades i gestionades per un tercer ali\u00e8 a la FUNDACI\u00d3, de manera an\u00f2nima, per tal de realitzar estudis estad\u00edstics de navegaci\u00f3 per les p\u00e0gines web de la FUNDACI\u00d3.<br\/><\/li>\n<\/ul>\n\n<h3 class=\"wp-block-heading\">Classificades per la finalitat:<\/h3>\n\n<ul class=\"wp-block-list\">\n<li>Galetes t\u00e8cniques i\/o de personalitzaci\u00f3: faciliten la navegaci\u00f3, en identificar la sessi\u00f3, permetre l&#8217;acc\u00e9s a eines d&#8217;acc\u00e9s restringit, a m\u00e9s de configurar a mida les opcions disponibles. Possibiliten la prestaci\u00f3 del servei sol\u00b7licitat pr\u00e8viament per lusuari.<\/li>\n\n\n\n<li>Cookies d&#8217;an\u00e0lisi i\/o publicitat: permeten con\u00e8ixer el nombre de visites rebudes a les diferents seccions de la Web, els h\u00e0bits i tend\u00e8ncies dels seus usuaris i, en conseq\u00fc\u00e8ncia, poder millorar la navegaci\u00f3 i el servei ofert per l&#8217;entitat (fonamentalment, Google Analytics), aix\u00ed com gestionar els espais publicitaris inclosos a la web visitada per l&#8217;usuari. Recull dades de manera an\u00f2nima per obtenir perfils de navegaci\u00f3 dels usuaris.<\/li>\n<\/ul>\n\n<h3 class=\"wp-block-heading\">Classificades per la durada:<\/h3>\n\n<ul class=\"wp-block-list\">\n<li>Cookies de sessi\u00f3: recapten i emmagatzemen les dades mentre l&#8217;usuari accedeix a la web.<\/li>\n\n\n\n<li>Cookies persistents: recapten i emmagatzemen les dades al terminal de l&#8217;usuari durant un per\u00edode de temps variable en funci\u00f3 de quina sigui la finalitat per a la qual han estat utilitzades.<\/li>\n<\/ul>\n\n<p>El temps de conservaci\u00f3 de les galetes dependr\u00e0 del tipus de qu\u00e8 es tracti i sempre ser\u00e0 el m\u00ednim indispensable per complir la seva finalitat.<\/p>\n\n<h2 class=\"wp-block-heading\">Gesti\u00f3 de cookies<\/h2>\n\n<p>En qualsevol cas, l&#8217;usuari t\u00e9 la possibilitat de configurar el vostre panell per gestionar la instal\u00b7laci\u00f3 de cookies i per impedir-ne la instal\u00b7laci\u00f3 al vostre equip.<\/p>\n\n<h3 class=\"wp-block-heading\">CONFIGURAR COOKIES<\/h3>\n\n<p>Tot i aix\u00f2, fins i tot havent desactivat totes les cookies, el navegador web recull determinada informaci\u00f3 essencial per al funcionament b\u00e0sic de la Web.<\/p>\n\n<p>Aix\u00ed mateix, les galetes es poden bloquejar o desactivar amb les eines de configuraci\u00f3 del vostre navegador. El navegador us permet rebutjar la instal\u00b7laci\u00f3 de totes les cookies, o b\u00e9 triar rebutjar-ne nom\u00e9s alguna.<br\/> <strong>Si us plau, consulteu les instruccions i manuals del vostre navegador per ampliar aquesta informaci\u00f3:<\/strong><\/p>\n\n<ul class=\"wp-block-list\">\n<li>Si utilitzeu Microsoft Internet Explorer, a l&#8217;opci\u00f3 de men\u00fa Eines, seleccionant Opcions d&#8217;Internet i accedint a Privadesa.<\/li>\n\n\n\n<li>  Si utilitzeu Firefox per a Mac a l&#8217;opci\u00f3 de men\u00fa Prefer\u00e8ncies, seleccionant Privadesa, accedint a l&#8217;apartat Mostra Cookies, i per a Windows a l&#8217;opci\u00f3 de men\u00fa Eines, seleccionant Opcions, accedint a Privadesa i despr\u00e9s a Usar una configuraci\u00f3 personalitzada per a l&#8217;historial.<\/li>\n\n\n\n<li>  Si utilitzeu Safari, a l&#8217;opci\u00f3 de men\u00fa Prefer\u00e8ncies, seleccionant Privadesa.<\/li>\n\n\n\n<li>  Si utilitzeu Google Chrome, a l&#8217;opci\u00f3 de men\u00fa Eines, seleccionant Opcions (Prefer\u00e8ncies en Mac), accedint a Avan\u00e7ades i despr\u00e9s a l&#8217;opci\u00f3 Configuraci\u00f3 Contingut de la secci\u00f3 Privadesa, i finalment marcant Cookies al di\u00e0leg Configuraci\u00f3 de contingut.<\/li>\n<\/ul>\n\n<p><br\/>Vost\u00e8 podr\u00e0 -en qualsevol moment- desactivar les galetes de Google Analytics, mitjan\u00e7ant el sistema d&#8217;opt-out de Google Analytics accessible a https:\/\/tools.google.com\/dlpage\/gaoptout?hl=ca.<br\/>Finalment, us informem que teniu la possibilitat de revocar en qualsevol moment el consentiment prestat per a la utilitzaci\u00f3 de cookies, configurant per a aix\u00f2 el vostre navegador o el tauler de control en els termes previstos en el punt anterior.<\/p>\n","protected":false},"excerpt":{"rendered":"<p>Fundaci\u00f3 Enric Miralles (d&#8217;ara endavant la FUNDACI\u00d3) adverteix a l&#8217;usuari que \u201cwwwfundacioenricmiralles.com\u201d (d&#8217;ara endavant la Web) utilitza cookies pr\u00f2pies i de tercers en compliment del que disposa l&#8217;article 22.2 de la Llei 34\/2002, d&#8217;11 de juliol , de Serveis de la Societat de la Informaci\u00f3 i de Comer\u00e7 Electr\u00f2nic (LSSICE). Les cookies s\u00f3n petits fitxers [&hellip;]<\/p>\n","protected":false},"author":1,"featured_media":0,"parent":0,"menu_order":0,"comment_status":"closed","ping_status":"closed","template":"","meta":{"_acf_changed":false,"footnotes":""},"class_list":["post-1647","page","type-page","status-publish","hentry"],"acf":[],"_links":{"self":[{"href":"https:\/\/fundacioenricmiralles.com\/ca\/wp-json\/wp\/v2\/pages\/1647","targetHints":{"allow":["GET"]}}],"collection":[{"href":"https:\/\/fundacioenricmiralles.com\/ca\/wp-json\/wp\/v2\/pages"}],"about":[{"href":"https:\/\/fundacioenricmiralles.com\/ca\/wp-json\/wp\/v2\/types\/page"}],"author":[{"embeddable":true,"href":"https:\/\/fundacioenricmiralles.com\/ca\/wp-json\/wp\/v2\/users\/1"}],"replies":[{"embeddable":true,"href":"https:\/\/fundacioenricmiralles.com\/ca\/wp-json\/wp\/v2\/comments?post=1647"}],"version-history":[{"count":4,"href":"https:\/\/fundacioenricmiralles.com\/ca\/wp-json\/wp\/v2\/pages\/1647\/revisions"}],"predecessor-version":[{"id":1682,"href":"https:\/\/fundacioenricmiralles.com\/ca\/wp-json\/wp\/v2\/pages\/1647\/revisions\/1682"}],"wp:attachment":[{"href":"https:\/\/fundacioenricmiralles.com\/ca\/wp-json\/wp\/v2\/media?parent=1647"}],"curies":[{"name":"wp","href":"https:\/\/api.w.org\/{rel}","templated":true}]}}

POLÍTICA D&#8217;ÚS DE COOKIES

<p>Fundació Enric Miralles (d&#8217;ara endavant la FUNDACIÓ) adverteix a l&#8217;usuari que “wwwfundacioenricmiralles.com” (d&#8217;ara endavant la Web) utilitza cookies pròpies i de tercers en compliment del que disposa l&#8217;article 22.2 de la Llei 34/2002, d&#8217;11 de juliol , de Serveis de la Societat de la Informació i de Comerç Electrònic (LSSICE). Les cookies són petits fitxers de dades que s&#8217;instal·len a l&#8217;ordinador de l&#8217;usuari i que permeten que sigui el propi usuari el que emmagatzemi la informació que genera la seva activitat a la xarxa. Les galetes permeten a una pàgina web, entre altres coses, emmagatzemar i recuperar informació sobre els hàbits de navegació d&#8217;un usuari o del seu equip i, depenent de la informació que continguin i de la manera com utilitzi el seu equip, es poden utilitzar per reconèixer a l&#8217;usuari.</p>

<h2 class="wp-block-heading">Aquest web utilitza les cookies següents:</h2>

<h3 class="wp-block-heading">Classificades per la titularitat:</h3>

<ul class="wp-block-list">
<li>Cookies pròpies: enviades i gestionades directament per la FUNDACIÓ.</li>



<li>Galetes de tercers: enviades i gestionades per un tercer aliè a la FUNDACIÓ, de manera anònima, per tal de realitzar estudis estadístics de navegació per les pàgines web de la FUNDACIÓ.<br/></li>
</ul>

<h3 class="wp-block-heading">Classificades per la finalitat:</h3>

<ul class="wp-block-list">
<li>Galetes tècniques i/o de personalització: faciliten la navegació, en identificar la sessió, permetre l&#8217;accés a eines d&#8217;accés restringit, a més de configurar a mida les opcions disponibles. Possibiliten la prestació del servei sol·licitat prèviament per lusuari.</li>



<li>Cookies d&#8217;anàlisi i/o publicitat: permeten conèixer el nombre de visites rebudes a les diferents seccions de la Web, els hàbits i tendències dels seus usuaris i, en conseqüència, poder millorar la navegació i el servei ofert per l&#8217;entitat (fonamentalment, Google Analytics), així com gestionar els espais publicitaris inclosos a la web visitada per l&#8217;usuari. Recull dades de manera anònima per obtenir perfils de navegació dels usuaris.</li>
</ul>

<h3 class="wp-block-heading">Classificades per la durada:</h3>

<ul class="wp-block-list">
<li>Cookies de sessió: recapten i emmagatzemen les dades mentre l&#8217;usuari accedeix a la web.</li>



<li>Cookies persistents: recapten i emmagatzemen les dades al terminal de l&#8217;usuari durant un període de temps variable en funció de quina sigui la finalitat per a la qual han estat utilitzades.</li>
</ul>

<p>El temps de conservació de les galetes dependrà del tipus de què es tracti i sempre serà el mínim indispensable per complir la seva finalitat.</p>

<h2 class="wp-block-heading">Gestió de cookies</h2>

<p>En qualsevol cas, l&#8217;usuari té la possibilitat de configurar el vostre panell per gestionar la instal·lació de cookies i per impedir-ne la instal·lació al vostre equip.</p>

<h3 class="wp-block-heading">CONFIGURAR COOKIES</h3>

<p>Tot i això, fins i tot havent desactivat totes les cookies, el navegador web recull determinada informació essencial per al funcionament bàsic de la Web.</p>

<p>Així mateix, les galetes es poden bloquejar o desactivar amb les eines de configuració del vostre navegador. El navegador us permet rebutjar la instal·lació de totes les cookies, o bé triar rebutjar-ne només alguna.<br/> <strong>Si us plau, consulteu les instruccions i manuals del vostre navegador per ampliar aquesta informació:</strong></p>

<ul class="wp-block-list">
<li>Si utilitzeu Microsoft Internet Explorer, a l&#8217;opció de menú Eines, seleccionant Opcions d&#8217;Internet i accedint a Privadesa.</li>



<li>  Si utilitzeu Firefox per a Mac a l&#8217;opció de menú Preferències, seleccionant Privadesa, accedint a l&#8217;apartat Mostra Cookies, i per a Windows a l&#8217;opció de menú Eines, seleccionant Opcions, accedint a Privadesa i després a Usar una configuració personalitzada per a l&#8217;historial.</li>



<li>  Si utilitzeu Safari, a l&#8217;opció de menú Preferències, seleccionant Privadesa.</li>



<li>  Si utilitzeu Google Chrome, a l&#8217;opció de menú Eines, seleccionant Opcions (Preferències en Mac), accedint a Avançades i després a l&#8217;opció Configuració Contingut de la secció Privadesa, i finalment marcant Cookies al diàleg Configuració de contingut.</li>
</ul>

<p><br/>Vostè podrà -en qualsevol moment- desactivar les galetes de Google Analytics, mitjançant el sistema d&#8217;opt-out de Google Analytics accessible a https://tools.google.com/dlpage/gaoptout?hl=ca.<br/>Finalment, us informem que teniu la possibilitat de revocar en qualsevol moment el consentiment prestat per a la utilització de cookies, configurant per a això el vostre navegador o el tauler de control en els termes previstos en el punt anterior.</p>

<p>Fundació Enric Miralles (d&#8217;ara endavant la FUNDACIÓ) adverteix a l&#8217;usuari que “wwwfundacioenricmiralles.com” (d&#8217;ara endavant la Web) utilitza cookies pròpies i de tercers en compliment del que disposa l&#8217;article 22.2 de la Llei 34/2002, d&#8217;11 de juliol , de Serveis de la Societat de la Informació i de Comerç Electrònic (LSSICE). Les cookies són petits fitxers [&hellip;]</p>
